t q = 109 - 105. Suppose 2*a = -v + 103, -3*v + 293 = -q*a + 2*a. What is the remainder when v is divided by 50?
49
Let x(m) = -4*m - 6. Let j be x(-6). Calculate the remainder when 3*18 - (3 - 2) is divided by (j/(-30))/(1/(-45)).
26
Let k(i) = 4*i**2 + 3*i + 2. Calculate the remainder when 9/12 + (-665)/(-20) is divided by k(-2).
10
Suppose 19*q - 21*q - 3*w + 84 = 0, 4*q - w - 140 = 0. What is the remainder when 243 is divided by q?
27
Let z(o) = 14*o**3 - o**2. Let k be z(-1). Let g = 20 + k. Suppose 275 = 5*c + g*y, -1 - 14 = -5*y. Calculate the remainder when c is divided by 14.
10
Let v(z) = -z**2 + 17*z + 2. What is the remainder when v(3) is divided by 12?
8
Let o(y) be the first derivative of 5*y**3 + y**2/2 - y - 5. Let t = 63 - 36. What is the remainder when t is divided by o(1)?
12
Let h(m) = -2*m**2 - 64*m - 188. What is the remainder when 367 is divided by h(-26)?
119
Suppose 0 = -30*o + 27*o + 9. Calculate the remainder when (o - 7/3) + 140/15 is divided by 5.
0
Suppose -20 = -7*h + 2*h. Suppose -4*t + 83 = 5*w, -h*t + 76 = -t + w. What is the remainder when 106 is divided by t?
25
Let q(g) = -g**2 + 71*g - 582. Calculate the remainder when 135 is divided by q(10).
23
What is the remainder when (326/6)/((-63)/(-27) + -2) is divided by 55?
53
Suppose -108 = -62*z + 59*z. Calculate the remainder when z is divided by 16.
4
Suppose 5*h + 5*p - 285 = -0*p, 277 = 5*h + p. Calculate the remainder when 383 is divided by h.
53
Suppose -17*i = -18 - 33. What is the remainder when 60 is divided by (-339)/(-11) - (i + 105/(-33))?
29
What is the remainder when -5 + 8/10 + (-33910)/(-50) is divided by 26?
24
Suppose 2*o = 3*t - 91 + 175, 5*o - t - 197 = 0. Suppose -4*u + 4 = -p, 5*p - 2*u = 2*p - 52. Let v = 41 + p. Calculate the remainder when o is divided by v.
18
Let f = 67 + -67. Suppose -m = 5*d - 17, f = -0*m + 4*m - 8. Calculate the remainder when 5 is divided by d.
2
Let p(d) be the third derivative of d**4/8 - d**3/6 - 8*d**2. Calculate the remainder when 128 is divided by p(9).
24
Suppose 468 = -20*s + 72*s. What is the remainder when 50 is divided by s?
5
Suppose -12*l + 115 + 65 = 0. Calculate the remainder when 40 is divided by l.
10
Let h(r) = 10*r - 2. Suppose 4*d - 3*d + 7 = 2*a, 0 = -5*a + d + 10. Let o be h(a). Suppose o*k - 30 = 7*k. What is the remainder when k is divided by 11?
8
Suppose -25 = 5*m, 54 = -n + 2*n - m. Suppose -47*y + n*y = 20. Calculate the remainder when 28 is divided by y.
8
Suppose -4*n - 40 = -9*n. Suppose -44 = -3*f + 55. Suppose 0 = -a - j + f, 157 = 4*a + a + j. What is the remainder when a is divided by n?
7
Suppose 25*h - 24*h = -2*k + 309, 4 = 4*h. Suppose -x - 4*x - 195 = -5*p, 0 = 3*p - 5*x - 117. What is the remainder when k is divided by p?
37
Suppose 0 = -29*w + 14*w + 1170. What is the remainder when 230 is divided by w?
74
Let n(j) = 3*j + 25. Let h be n(-8). Let y(k) = k**2 + 3*k - 2. Calculate the remainder when y(3) is divided by -7 + 9 - (-4)/h.
4
Suppose -2*k + j = -10 - 14, 12 = k - 4*j. Calculate the remainder when 23 is divided by k.
11
Let k = 500 - 483. Calculate the remainder when 845 is divided by k.
12
Let g = 15 + -26. Let v = g + 26. What is the remainder when 25 is divided by v?
10
Suppose 0 = -4*b - 4*i + 72, 3*b - 15*i + 16*i = 44. Suppose 3*o - 2*q - 214 - 15 = 0, 3*o = -3*q + 234. What is the remainder when o is divided by b?
12
Let u(t) = 3*t**3 + 2*t**2 - t - 6. Let l(k) = 7*k**3 + 3*k**2 - k - 13. Let z(m) = -4*l(m) + 9*u(m). What is the remainder when 14 is divided by z(4)?
4
Let z = 2207 + -2176. Let p(c) = c**2 - c - 4. Calculate the remainder when z is divided by p(4).
7
Let b(t) be the third derivative of t**4/8 - 2*t**3/3 - 3*t**2. Let p = -717 + 757. Calculate the remainder when p is divided by b(6).
12
Suppose 0 = -8*w + 2795 + 2893. Suppose 8*z + z = w. Calculate the remainder when z is divided by 22.
13
Let d = 127 + -127. Calculate the remainder when (-1 - -79) + 3 + d is divided by 24.
9
Calculate the remainder when 2244 is divided by -2 - 230/(-13 + 3).
18
Let d(q) = 3*q - 5*q + 13 + q + 0*q. Calculate the remainder when 28 is divided by d(2).
6
Let v = 401 - 399. What is the remainder when 117 is divided by v?
1
Suppose -j - j - 126 = 0. Let a = j + 128. Let f(k) = -19*k**3 + k**2 + 12*k + 9. What is the remainder when a is divided by f(-1)?
14
Suppose -r + 2*r = 3. Suppose -r*y = -65 + 2. Let s = y - -5. Calculate the remainder when s is divided by 9.
8
Let k = -272 - -304. Calculate the remainder when 118 is divided by k.
22
Calculate the remainder when (1 + 0)*-8*136/(-16) is divided by 18.
14
Let a be 6 - 1*(-1)/(-1). Suppose 0 = -a*y + x + 312, -y - 302 = -6*y - 4*x. What is the remainder when y is divided by 13?
10
Let i(k) = -k**3 - 9*k**2 + 12*k + 17. Let g be i(-10). What is the remainder when g/((-6)/86) + -4 is divided by 14?
11
Let h be 4 - ((-1 - -4) + 1). Suppose b - 1 = h, -p + 6*p - 46 = -b. Calculate the remainder when 33 is divided by p.
6
Suppose 495*z - 3258 = 486*z. Calculate the remainder when z is divided by 53.
44
Let v = 231 - 205. Suppose -3*t + v = w, -5*t - w = -3*t - 19. What is the remainder when ((-40)/(-6))/1*3 is divided by t?
6
Suppose 3*a + 12 = 4*a + 5*l, 3*l - 60 = -5*a. What is the remainder when 226 is divided by a?
10
Let l(k) = k**3 + 8*k**2 + 2*k - 26. Calculate the remainder when l(-6) is divided by 16.
2
Let k(b) = -b**3 - 7*b**2 + 10*b + 10. Let v be (-1)/4 + (-35)/4. Let w be k(v). Suppose -6*f + w = -4*f. Calculate the remainder when f is divided by 15.
11
Let y(n) = 2*n**2 + 2. Let s be y(-2). Suppose -10 = 2*w - 4*w. What is the remainder when -2*2/s*-30 is divided by w?
2
Let q = -43 + 60. Let p = 186 - 157. Calculate the remainder when p is divided by q.
12
Suppose -4*q + 3*k + 121 = 0, 4*k = -5*q + 106 + 22. Calculate the remainder when q is divided by 0/(-1) - 30/(-2).
13
Let n(u) = 2*u + 16. Let c be n(-6). Suppose -5*p + 411 = 5*t - 2*p, 0 = c*t + p - 326. Calculate the remainder when t is divided by 21.
18
Suppose 3*v = -w + 46, -v + 34 = 2*v - 2*w. Suppose -118*z + 62*z + 3080 = 0. Calculate the remainder when z is divided by v.
13
Let r = -27 - -32. Suppose 2*v + 2*f = -v + 35, f = -r*v + 63. Calculate the remainder when v is divided by 8.
5
Calculate the remainder when 51 is divided by ((-78)/9)/(6/(-9)).
12
What is the remainder when ((-72)/3)/((-3)/50) is divided by 51?
43
Suppose 659 = -8*g - 2141. What is the remainder when 0 - (-4 - g/(-5)) is divided by 20?
14
Suppose 4*m - 66 = m. Let o = -371 - -376. Suppose o*z + m = 7*z. Calculate the remainder when 19 is divided by z.
8
Suppose 188 = 5*f + 3*l, -5*f + 34 = 4*l - 150. Let k(b) = -6*b - 41. Calculate the remainder when k(-20) is divided by f.
39
Let w(o) = 5*o + 10. Let r = 15 - 13. What is the remainder when 39 is divided by w(r)?
19
Suppose -4*i + 4*s - 8 - 8 = 0, 2*i + 4*s - 4 = 0. Let w = -57 + 116. What is the remainder when w is divided by -3 + 25 + -4 - i?
19
Suppose 2*u + 1 = 69. Let d be (6/(-8))/(3/(-8)). Suppose 6*k - d*k - 3*w - 45 = 0, -5*k - w = -61. What is the remainder when u is divided by k?
10
Let j(k) = 3*k - 26. Let i be j(13). Suppose -i - 37 = -5*p. Calculate the remainder when 28 is divided by p.
8
Suppose a = -b + 38, b - 5*a = -4*b + 160. Calculate the remainder when 38 is divided by b.
3
Calculate the remainder when (0 - 5/(-5))*24 is divided by 18.
6
Calculate the remainder when 1097 is divided by 11808/(-820)*(-10)/6.
17
Let a = 708 - 696. Calculate the remainder when 38 is divided by a.
2
Let d(g) = -4*g + 98. What is the remainder when d(-11) is divided by 43?
13
Let u = -549 + 553. What is the remainder when 11 is divided by u?
3
Let y = -427 - -764. What is the remainder when y is divided by 71?
53
Let p(w) = -w**2 - 37*w - 56. Calculate the remainder when (-561)/(-21) + 4/14 is divided by p(-35).
13
Let z(j) = -j**2 - 34*j - 162. Suppose 2*f - 119 + 33 = -4*g, 0 = 3*g + 2*f - 64. Calculate the remainder when z(-9) is divided by g.
19
Suppose 5*d = -3*g + 169, 0 = 2*g - g - 2*d - 38. What is the remainder when g is divided by 14?
6
Suppose b + 3*b - 2 = -g, 3*b - 3 = -g. What is the remainder when 2*(0 + (-15)/(-2)) is divided by g?
3
Suppose 4*r = 2*g + 12, -2*r + 10 = 3*g - 2*g. What is the remai